st common divisor of n and g?
64
Let h be (2 + 1)/((-11)/(-66)). Let j(r) = 2*r**3 - 36*r**2 + 3. Let l be j(h). Calculate the highest common factor of 33 and l.
3
Let t(j) = 21*j**2 - j. Let f be t(1). Suppose 0 = -5*p - 15, -2*k = -4*p - f. Suppose -3*o = k*o - 175. What is the highest common divisor of 275 and o?
25
Let v be ((-15)/(-18))/(5/30). Suppose 5*j - 2*j - v*p - 155 = 0, -4*p = -20. What is the greatest common factor of j and 5?
5
Let r = -701 + 1107. Let z(j) = 441*j - 1750. Let b be z(4). Calculate the highest common divisor of b and r.
14
Let s(i) = -11*i - 16. Let r be s(-4). Let q(g) = 4*g**2 + 29*g + 4. Let t be q(-8). Calculate the greatest common factor of r and t.
28
Let j(a) = 2*a**2 - 62*a + 2260. Let f be j(30). Calculate the highest common divisor of 198 and f.
22
Suppose -5*i + 688 = -413*y + 411*y, 2*y - 432 = -3*i. What is the greatest common factor of 1484 and i?
28
Suppose 82 + 5120 = 153*d. What is the highest common factor of 2771 and d?
17
Let q(t) = -34*t - 1. Let r be q(-6). Let b be -1 + 2472/28 - -22*(-37)/2849. What is the highest common divisor of b and r?
29
Let o = 16 - 15. Suppose -s + o + 15 = -w, -s + 16 = -4*w. Suppose 5*n + 45 = -i + 126, 5*i + 75 = 5*n. What is the highest common divisor of s and n?
16
Suppose 44*a - 15*a = -145. Let y be 3/(a*(-12)/280). Calculate the greatest common factor of 98 and y.
14
Suppose 5*t = 1 + 14. Let z(b) = -6*b + 12. Let a be z(t). Let c be (-626)/(-4) - a/(-4). What is the highest common factor of c and 31?
31
Suppose 12*d = -0*d - 24. Let g be (-24)/(-1*3/(-18)*d). What is the highest common divisor of 9 and g?
9
Let w be 48*3/24*(-249)/(-2). What is the highest common divisor of w and 27?
9
Let c(d) = -932*d + 27361. Let k be c(29). Let y(g) = -g**3 + 8*g**2 + 2. Let z be y(6). Calculate the highest common divisor of z and k.
37
Let j = -610 - -1221. Let f(d) = -d**2 - 17*d - 57. Let t be f(-7). Calculate the highest common divisor of j and t.
13
Suppose f = 64 - 2. Suppose 5*j + d - 772 = 0, 30*j = 26*j - 3*d + 611. Calculate the greatest common factor of f and j.
31
Let d be (-1)/(-2) + (-159)/(-2). Let b be 2/4 + (-4875)/(-30). Suppose b*t - 158*t - 40 = 0. Calculate the greatest common factor of d and t.
8
Let s(n) = -n**2 + 45*n - 221. Let m be s(38). What is the highest common divisor of 81 and m?
9
Let t be (117/(-195))/(3/(720/(-2))). What is the highest common factor of t and 600?
24
Let f be 4/18 - (10 - (-730488)/(-108)). Suppose 24*s - f - 9350 = 0. What is the highest common factor of 61 and s?
61
Let l(h) = h**2 + 76*h + 1228. Let g be l(-20). Calculate the highest common divisor of 564 and g.
12
Suppose 0 = 6*r + 2*r - 80. Let q(s) = -5*s + 84. Let u be q(r). What is the highest common factor of 306 and u?
34
Suppose 5*i - 2*y + 1442 = 280, 3*y + 480 = -2*i. Let u be i/(-21) - 16/112. What is the greatest common factor of u and 1067?
11
Let k be (-110)/15*11/((-110)/5625). Calculate the highest common divisor of k and 33.
33
Let l(p) = p**2 - 6*p - 142. Let d be l(-10). Suppose -3*x - 37 + d = -2*m, 15 = -5*x. What is the highest common factor of 20 and m?
5
Suppose 144 = 4*k + g, -180 = k - 6*k - 3*g. Let y = k - 29. Let s(b) = 8*b - 2. Let w be s(2). Calculate the highest common divisor of y and w.
7
Let b = 65 - 38. Suppose -5*s = m - b, -2*s + 39 = 3*m - s. Let i(x) = 4*x**2 - 13*x - 20. Let u be i(-4). Calculate the highest common factor of m and u.
12
Let h be 160/12*(-1173)/(-34). Calculate the greatest common factor of h and 200.
20
Let j(c) = 11*c**2 - 107*c - 333. Let u be j(-3). Let m be ((-12)/10)/((-16)/40). Calculate the greatest common factor of u and m.
3
Suppose i = -3 + 6, -2*i = -5*a + 14. Suppose 2*c + 286 = -2*k, 588 = -a*k + c + 31. Let v = -62 - k. Calculate the greatest common factor of v and 6.
6
Let w = 332 - -112. What is the greatest common divisor of w and 5994?
222
Suppose 0 = 2*h, 6*h + 105 = 5*i + 7*h. Let b be 5189/i - (2794/231 + -12). Calculate the greatest common divisor of 52 and b.
13
Let g = -8911 + 10079. What is the greatest common divisor of g and 949?
73
Let t = -25097 + 27017. What is the highest common factor of t and 672?
96
Suppose 5*c - 101 = -3*k, -16*k + 19*k = -4*c + 106. Calculate the greatest common divisor of k and 330.
6
Suppose 5*o - 108 = -2*u, 0 = -4*o + 5*u + 30 + 30. Calculate the highest common factor of 92 and o.
4
Let v(t) = t**2 - 6*t - 23. Let y be v(10). Suppose -f = x - y, 6*x = f + 4*x - 23. Suppose -18*i + f*i = 45. Calculate the highest common divisor of i and 5.
5
Suppose -134*i = -59544 + 19880. Calculate the greatest common factor of i and 216.
8
Let g(m) = 3*m**2 - 265*m + 335. Let s be g(95). What is the highest common divisor of s and 2384?
149
Let h be 5/45 + 28484/9. What is the greatest common factor of h and 15?
15
Let g be (-2 + -199)*(-1)/(-1). Let r be 2/(-3) + (-1 - g/(-9)). Let y be -2 + (6/3 - r). What is the highest common divisor of y and 144?
24
Let s(f) = 2*f**3 - f**2 - 159*f + 585. Let n be s(9). What is the highest common factor of 3 and n?
3
Suppose -93*p = -101984 - 636622. Calculate the greatest common factor of p and 66.
22
Let l(s) = s**2 - 2*s + 1. Let n be l(8). Let f = -2786 - -2800. Calculate the greatest common factor of n and f.
7
Let x(i) = i + 7. Let m be x(-5). Let f(j) = 29*j**2 - 4*j + 2. Let n be f(m). Suppose -930 + 1820 = 89*l. Calculate the greatest common factor of n and l.
10
Let l be (111069/(-14))/((-63)/(-18) - 4). Calculate the greatest common divisor of 43 and l.
43
Suppose -404*r = 59*r - 290301. What is the highest common divisor of 957 and r?
33
Let f(r) = 250*r**2 + r + 1. Let q be f(1). Calculate the highest common divisor of q and 1344.
84
Let s(z) = -2*z**3 + 14*z**2 - 3*z + 21. Let k be s(7). Suppose k = 5*b - 2*n - 2115, 14*b = 9*b + 5*n + 2115. What is the greatest common divisor of b and 47?
47
Suppose -13*z = -5*i - 16*z + 1910, -400 = -i + 3*z. Calculate the highest common divisor of i and 198.
11
Let z(i) = 10*i + 4. Let c be z(15). Let b = 165 - c. What is the highest common factor of 77 and b?
11
Suppose -710 = -32*l - 98 + 508. Calculate the greatest common factor of l and 425.
5
Let d be -1 + (4/(-3))/(20/(-15)). Suppose d = 4*i - 7*i - 57. Let z = 41 + i. What is the greatest common divisor of z and 176?
22
Let o(u) = 10*u**3 - 122*u**2 + 40*u - 150. Let f be o(12). Suppose -4*j + 12 = g - 10, 0 = 3*g + 5*j - 101. What is the greatest common divisor of g and f?
42
Suppose -145 = -12*n - 121. Let s be (-6)/(-27) - (-119)/(-9). Let c = n - s. What is the highest common factor of c and 5?
5
Let z = 69 + -67. Suppose 5*j - 89 = -z*a, 3*a - 32 = 2*a - 5*j. Calculate the highest common factor of 3 and a.
3
Let d be 1 + 220/18 + 14/(-63). Let a(o) = -o - 8. Let m be a(-9). Calculate the greatest common divisor of m and d.
1
Let q = 11957 - 11955. What is the highest common divisor of q and 3962?
2
Let l be ((-296)/(-222))/(((-16)/108)/(-4)). Calculate the highest common factor of l and 162.
18
Let o(z) = -80*z + 90. Let f be o(0). What is the highest common factor of 2580 and f?
30
Let v be (39/104)/((-20)/(-49440)). Calculate the highest common divisor of 27 and v.
9
Let g be -1 + -2 + 30/2. Suppose 733 = g*z - 227. Suppose 10*r - 5*r = z. Calculate the highest common factor of 112 and r.
16
Suppose 4 = 2*j - 8. Let k = 112 - 108. Suppose 0 = i + k*v - 19, -i + 2*i + 5*v = 20. What is the greatest common factor of j and i?
3
Let u be (1*2)/(54/216). What is the greatest common factor of u and 712?
8
Suppose 2912*j = 2910*j + 116. Calculate the highest common divisor of j and 13.
1
Suppose -2870*w + 189 = -2849*w. Calculate the greatest common divisor of w and 172.
1
Let l = 1541 - 1026. Suppose 3*r = y + 756, -2*r + 4*y - 7*y + l = 0. Calculate the highest common divisor of 23 and r.
23
Let l(r) = -6*r + 25. Let m be l(4). Let o be ((-2)/(-4)*152 - 1)/m. Calculate the greatest common divisor of 45 and o.
15
Suppose -5*v + 4*t + 26 = -33, 4*v + 3*t - 72 = 0. Suppose -v*o + 54 = -6*o. What is the greatest common divisor of 30 and o?
6
Let q(j) = 7*j - 26. Let w be 1 + (4/(-3))/((-7)/21). Let y be q(w). What is the highest common factor of 279 and y?
9
Let q(z) = -66*z + 2. Let r(p) = 2 + 152*p - 5 + 0 - 20*p. Le